. What is a(-104)?
-215
Let r(a) = a**3 + 343*a**2 + 438*a + 150228. What is r(-343)?
-6
Let p(h) = -25*h**2 - 734*h - 1453. Determine p(-2).
-85
Let g(z) = 2118*z**2 + 57170*z - 418. Calculate g(-27).
14
Let y(t) = 5*t**2 + 216*t - 5236. Calculate y(24).
2828
Let m(o) = -1124387*o - 25860906. What is m(-23)?
-5
Let u(y) = 675*y**3 - 343*y**2 + 336*y + 7. Give u(1).
675
Let s(y) = -3*y**3 - 200*y**2 - 609*y + 5294. Determine s(-63).
2
Let o(t) = -13*t**2 - 386*t - 1343. Give o(-26).
-95
Let s(w) = 120*w**2 - 1630*w + 114. Determine s(16).
4754
Let r(z) = -165*z - 10417. Give r(-68).
803
Let o(c) = -2*c**2 + 91*c + 412. Determine o(45).
457
Let c(r) = r**3 - 6*r**2 + 6*r - 203. Give c(0).
-203
Let n(f) = -27167*f - 1467018. Determine n(-54).
0
Let m(c) = 960*c**2 + 1882*c + 2. Give m(-2).
78
Let g(p) = 82569*p + 6027537. Give g(-73).
0
Let v(i) = 3*i**3 - 208*i**2 + 478*i - 585. Determine v(67).
18
Let o(q) = -161956*q + 1133699. What is o(7)?
7
Let l(g) = -g**3 + 12*g**2 - 1784*g + 8753. What is l(5)?
8
Let s(k) = -503*k + 205943. Determine s(410).
-287
Let v(k) = -20132*k - 765017. Give v(-38).
-1
Let g(v) = 13019*v + 234184. Determine g(-18).
-158
Let b(z) = z**3 + 39*z**2 - 264*z - 4004. Calculate b(-43).
-48
Let o(u) = -u**3 - 62*u**2 + 15*u + 4620. Give o(-61).
-16
Let c(i) = -8*i**2 + 1675*i + 1669. Determine c(-1).
-14
Let d(s) = -s**3 + 57*s**2 + 1244*s + 953. Determine d(74).
-83
Let r(g) = 40*g - 8324. Determine r(222).
556
Let y(t) = -t**3 + 42*t**2 - 455*t + 214. Calculate y(26).
-800
Let v(m) = 131*m**2 - 2376*m - 3. Calculate v(18).
-327
Let i(d) = -6993*d - 261995. Give i(-37).
-3254
Let o(n) = 1188*n - 11697. Calculate o(10).
183
Let m(x) = 4*x**2 + 402*x + 67. What is m(-99)?
-527
Let i(c) = 14*c**2 - 2783*c - 656. Give i(199).
-59
Let o(x) = 2*x**3 + 257*x**2 + 3884*x - 92. What is o(-111)?
19
Let t(z) = -z**3 + 64*z**2 - 201*z + 1120. Give t(61).
22
Let m(h) = -59*h**3 + 21*h**2 + 83*h + 150. Give m(-3).
1683
Let z(w) = -w**3 - 400*w**2 - 2295*w - 281571. What is z(-396)?
-15
Let p(i) = 4491*i + 36063. Give p(-8).
135
Let q(o) = -o**3 - 85*o**2 - 431*o + 18. Give q(-6).
-240
Let w(h) = 184*h**3 - 21*h**2 - 71*h - 137. Calculate w(-2).
-1551
Let o(m) = -1315*m + 3461. Calculate o(4).
-1799
Let x(d) = -26044*d + 703178. Calculate x(27).
-10
Let i(x) = 60*x**2 + 21282*x - 27767. Determine i(-356).
1
Let r(u) = u**3 - 582*u**2 - 32970*u - 109. What is r(-52)?
-5
Let n(y) = -3*y**3 + 22*y**2 - 28*y + 54. What is n(5)?
89
Let b(g) = -285*g**2 - 1251*g + 2764. Determine b(-6).
10
Let c(j) = 55182*j - 1213995. Determine c(22).
9
Let c(r) = r**3 + 139*r**2 + 935*r + 1620. Calculate c(-132).
168
Let a(u) = -159*u + 368. Calculate a(4).
-268
Let w(n) = -5939*n + 374150. Calculate w(63).
-7
Let a(c) = -3*c**3 - 508*c**2 + 338*c - 357. What is a(-170)?
-17
Let p(a) = 520*a + 47197. Calculate p(-91).
-123
Let g(l) = -402883*l - 5640361. Calculate g(-14).
1
Let c(w) = -2639*w - 13085. Calculate c(-5).
110
Let j(l) = -1439*l - 162706. What is j(-113)?
-99
Let h(t) = 4*t**3 - 141*t**2 - 111*t + 62. Determine h(36).
-46
Let t(x) = x**3 + 4*x**2 - 1523*x - 4604. Calculate t(-3).
-26
Let f(z) = 149*z**2 - 1788*z + 88. Give f(11).
-1551
Let v(s) = s**3 + 47*s**2 - 3870*s - 80. Determine v(-90).
-80
Let l(j) = -41104*j - 246599. What is l(-6)?
25
Let i(x) = -198*x**2 + 5753*x - 417. Determine i(29).
-98
Let s(t) = -112*t - 12783. Determine s(-115).
97
Let l(i) = -52*i**3 - 2*i**2 - 2163*i - 2160. Determine l(-1).
53
Let v(q) = -3*q**3 + 11*q**2 + 243*q - 1233. What is v(5)?
-118
Let v(b) = -813*b**3 - 2433*b**2 + 2*b + 1. Calculate v(-3).
49
Let y(q) = -11*q**3 + 9706*q**2 - 22882*q + 1759. Calculate y(880).
-1
Let r(c) = -c**3 - 18*c**2 - 593*c - 14988. Give r(-22).
-6
Let s(z) = -z**2 + 2807*z + 236861. Determine s(-82).
-37
Let z(u) = 18399*u + 8941936. Calculate z(-486).
22
Let f(x) = x**3 + 29*x**2 + 3127*x + 75680. Give f(-25).
5
Let a(r) = 1023*r + 183647. Calculate a(-180).
-493
Let b(v) = v**3 - 3201*v**2 + 9588*v + 34. Determine b(3).
16
Let m(i) = -903*i**2 - 17228*i - 1344. Give m(-19).
5
Let b(a) = a**3 + 159*a**2 + 1492*a + 507. Calculate b(-149).
209
Let f(n) = 31*n**3 - 14*n**2 + 14*n + 9. Calculate f(2).
229
Let s(v) = v**3 + 172*v**2 - 369*v - 3449. What is s(-174)?
205
Let t(k) = -3*k**3 - 101*k**2 + 1428*k + 26712. Give t(-40).
-8
Let w(k) = -155*k**2 + 2067*k - 671. Determine w(13).
5
Let o(d) = -3733316*d + 18666580. Determine o(5).
0
Let f(a) = -8905*a + 115752. Calculate f(13).
-13
Let k(w) = 9944*w + 39837. What is k(-4)?
61
Let d(m) = 379*m + 109135. What is d(-288)?
-17
Let v(f) = 30*f**2 + 25*f - 883. Calculate v(5).
-8
Let f(m) = 16987*m - 33955. Calculate f(2).
19
Let y(u) = -7*u**2 + 279*u + 358. Determine y(41).
30
Let o(q) = -41*q**3 - 2337*q**2 + 10*q + 487. What is o(-57)?
-83
Let a(c) = 62*c**2 + 17405*c - 4777. Give a(-281).
0
Let o(p) = -p**3 + 34*p**2 - 447*p + 2440. Calculate o(15).
10
Let v(r) = -3*r**3 - 97*r**2 - 238*r - 9919. Determine v(-33).
113
Let m(x) = -x**2 - 1397*x - 316927. Determine m(-285).
-7
Let b(a) = -3*a**3 + 112*a**2 + 157*a - 3043. Give b(38).
35
Let a(w) = -153*w - 554. What is a(3)?
-1013
Let y(i) = 33*i**2 - 555*i + 25. What is y(16)?
-407
Let o(z) = 323960*z - 647916. Give o(2).
4
Let u(x) = 2364*x - 6875. Give u(3).
217
Let j(r) = -r**3 - 236*r**2 - 10327*r + 155. Give j(-58).
329
Let z(w) = w**3 + 27*w**2 + 663*w + 4949. What is z(-10)?
19
Let z(y) = -y**3 - 77*y**2 - 148*y + 131. Calculate z(-75).
-19
Let t(m) = -25999*m + 129184. Calculate t(5).
-811
Let s(t) = t**3 - 33*t**2 - 1072*t. What is s(-21)?
-1302
Let a(j) = -467*j - 31201. Give a(-63).
-1780
Let y(r) = -11*r**2 + 10219*r + 61707. Calculate y(-6).
-3
Let b(t) = -t**2 + 1591*t + 246074. Calculate b(-142).
-12
Let k(j) = 5*j**2 + 90*j - 10. Determine k(7).
865
Let w(f) = -f**3 + 98*f**2 + 94*f + 1428. Determine w(99).
933
Let k(t) = -222*t + 6067. Calculate k(29).
-371
Let w(s) = 5*s**2 + 4533*s + 9066. Determine w(-2).
20
Let q(v) = -v**3 + 8*v**2 + 3*v - 22. Determine q(12).
-562
Let o(r) = -r**3 + 269*r**2 + 262*r + 2663. What is o(270)?
503
Let r(c) = 60532*c - 1815943. Determine r(30).
17
Let o(m) = -130801*m - 1177214. Calculate o(-9).
-5
Let b(d) = d**2 - 167*d - 3463. Determine b(-18).
-133
Let h(b) = -397*b**2 - 102426*b - 10. Determine h(-258).
-10
Let t(r) = 3*r**3 - 5*r**2 - 43*r + 142. Determine t(0).
142
Let w(u) = -68351*u**2 + 273403*u + 29. Determine w(4).
25
Let x(f) = -39*f**3 + 1289*f**2 - 65*f + 155. What is x(33)?
188
Let f(b) = -680*b**2 + 3865*b - 11. Determine f(5).
2314
Let x(a) = -a**3 - 31*a**2 + 247*a + 8850. What is x(-29)?
5
Let k(t) = 57*t**3 + 624*t**2 - 1248*t. What is k(2)?
456
Let k(f) = 7*f**2 + 166*f - 488. What is k(-27)?
133
Let x(n) = -6*n**2 - 65*n + 45. What is x(-14)?
-221
Let x(r) = r**3 + 31*r**2 + 7*r - 707. Give x(-30).
-17
Let x(w) = 97*w**3 - 70227*w**2 - 710*w - 10189. What is x(724)?
-53
Let f(i) = 9*i**3 - 11251*i**2 + 11240*i + 9. Give f(1).
7
Let w(m) = 75143*m + 976850. Calculate w(-13).
-9
Let x(j) = -j**3 - 14*j**2 - 35*j + 29. Give x(-12).
161
Let b(u) = -32269*u - 225864. Give b(-7).
19
Let z(n) = 48*n**3 - 5*n**2 - 137*n + 527. Calculate z(4).
2971
Let a(l) = 54*l**3 - 719*l**2 + 206*l + 15. What is a(13)?
-180
Let p(m) = -162*m - 55082. What is p(-340)?
-2
Let u(g) = -7*g**2 - 339*g - 2439. Calculate u(-7).
-409
Let o(d) = 2*d**2 + 144*d - 366. Calculate o(-71).
-508
Let t(l) = 11438*l - 22428. Calculate t(2).
448
Let i(g) = -3003*g + 378378. Determine i(126).
0
Let z(m) = 82656*m - 247969. What is z(3)?
-1
Let s(z) = -5*z**3 + 482*z**2 - 199*z + 43. Determine s(96).
-629
Let j(b) = b**2 + 82*b - 3360. Give j(30).
0
Let x(q) = 35*q**3 - 560*q**2 - 4*q + 250. Give x(16).
186
Let f(i) = 4687*i - 119973. Give f(25).
-2798
Let a(x) = 10*x**2 - 581*x + 96. Calculate a(58).
38
Let u(o) = -5*o**3 - 105*o**2 - 342*o - 5. Give u(-4).
3
Let d(b) = -3*b**2 - 539*b - 13122. What is d(-29)?
-14
Let n(p) = -2*p**3 - 14*p**2 - 42*p + 41. Give n(-6).
221
Let x(f) = -f**3 + 358*f**2 + 1990*f - 7. What is x(0)?
-7
Let r(k) = k**3 - 72*k**2 + 1113*k - 301. What is r(22)?
-15
Let s(a) = -86*a**3 - 2*a**2 - 91*a - 88. What is s(-1)?
87
Let u(q) = 111*q - 5949. Give u(56).
26